mainder when 4396 is divided by 978?
484
Calculate the remainder when 2643 is divided by 883.
877
Calculate the remainder when 257972 is divided by 278.
266
What is the remainder when 37483 is divided by 7?
5
What is the remainder when 3005 is divided by 500?
5
What is the remainder when 10461799 is divided by 680?
679
What is the remainder when 16514 is divided by 74?
12
Calculate the remainder when 587 is divided by 577.
10
What is the remainder when 8571 is divided by 946?
57
Calculate the remainder when 2758 is divided by 687.
10
What is the remainder when 22206 is divided by 7154?
744
Calculate the remainder when 1313 is divided by 11.
4
Calculate the remainder when 355575 is divided by 1052.
1051
Calculate the remainder when 104 is divided by 25.
4
Calculate the remainder when 291972 is divided by 58389.
27
What is the remainder when 308390 is divided by 37?
32
Calculate the remainder when 32483 is divided by 45.
38
Calculate the remainder when 2230 is divided by 701.
127
Calculate the remainder when 10269 is divided by 416.
285
What is the remainder when 3878574 is divided by 1508?
1506
What is the remainder when 59376 is divided by 17?
12
Calculate the remainder when 23670 is divided by 39.
36
Calculate the remainder when 2266 is divided by 77.
33
What is the remainder when 6939 is divided by 154?
9
Calculate the remainder when 4968 is divided by 132.
84
What is the remainder when 6122024 is divided by 575?
574
What is the remainder when 6103 is divided by 634?
397
Calculate the remainder when 1696963 is divided by 29.
28
What is the remainder when 7135148 is divided by 276?
272
Calculate the remainder when 109987 is divided by 34.
31
What is the remainder when 56253 is divided by 33?
21
What is the remainder when 60785 is divided by 655?
525
What is the remainder when 757 is divided by 58?
3
Calculate the remainder when 14680 is divided by 4881.
37
Calculate the remainder when 4605 is divided by 632.
181
Calculate the remainder when 186714 is divided by 819.
801
Calculate the remainder when 1363 is divided by 237.
178
What is the remainder when 1339 is divided by 212?
67
Calculate the remainder when 8870 is divided by 2860.
290
What is the remainder when 168506 is divided by 206?
204
Calculate the remainder when 652994 is divided by 1432.
2
What is the remainder when 3866 is divided by 905?
246
Calculate the remainder when 42053 is divided by 65.
63
Calculate the remainder when 70291 is divided by 23421.
28
Calculate the remainder when 718690 is divided by 353.
335
What is the remainder when 5734 is divided by 1142?
24
What is the remainder when 4540 is divided by 2270?
0
What is the remainder when 105146 is divided by 105091?
55
What is the remainder when 27361 is divided by 189?
145
Calculate the remainder when 56382 is divided by 11.
7
Calculate the remainder when 809 is divided by 454.
355
Calculate the remainder when 3556 is divided by 1776.
4
What is the remainder when 1841 is divided by 287?
119
Calculate the remainder when 69674 is divided by 233.
7
Calculate the remainder when 1491253 is divided by 279.
277
Calculate the remainder when 287993 is divided by 13090.
13
Calculate the remainder when 4689 is divided by 1170.
9
What is the remainder when 16730107 is divided by 9?
7
What is the remainder when 32663 is divided by 139?
137
Calculate the remainder when 7331 is divided by 17.
4
Calculate the remainder when 79923 is divided by 19973.
31
Calculate the remainder when 1448 is divided by 63.
62
What is the remainder when 8317 is divided by 74?
29
What is the remainder when 59482 is divided by 19825?
7
Calculate the remainder when 197270 is divided by 3653.
8
What is the remainder when 57228 is divided by 132?
72
Calculate the remainder when 14333 is divided by 1302.
11
What is the remainder when 4192 is divided by 873?
700
Calculate the remainder when 904 is divided by 432.
40
What is the remainder when 2753 is divided by 273?
23
Calculate the remainder when 6004 is divided by 1192.
44
What is the remainder when 1327 is divided by 190?
187
Calculate the remainder when 68613 is divided by 2541.
6
Calculate the remainder when 192864 is divided by 52.
48
What is the remainder when 473 is divided by 261?
212
What is the remainder when 22178 is divided by 453?
434
What is the remainder when 28798 is divided by 3599?
6
What is the remainder when 18092 is divided by 111?
110
Calculate the remainder when 840 is divided by 303.
234
What is the remainder when 63886 is divided by 88?
86
What is the remainder when 33817 is divided by 4225?
17
What is the remainder when 1174 is divided by 147?
145
What is the remainder when 428286 is divided by 628?
618
Calculate the remainder when 25257 is divided by 25.
7
Calculate the remainder when 3384886 is divided by 312.
310
Calculate the remainder when 367114 is divided by 122371.
1
Calculate the remainder when 258334 is divided by 351.
349
Calculate the remainder when 8792 is divided by 1449.
98
Calculate the remainder when 406267 is divided by 27.
25
What is the remainder when 7283 is divided by 51?
41
What is the remainder when 4309 is divided by 139?
0
What is the remainder when 684323 is divided by 228104?
11
Calculate the remainder when 7290 is divided by 60.
30
Calculate the remainder when 1009144 is divided by 28.
24
What is the remainder when 265868 is divided by 8?
4
What is the remainder when 28198 is divided by 294?
268
What is the remainder when 91814 is divided by 1953?
23
Calculate the remainder when 928 is divided by 163.
113
What is the remainder when 1075969 is divided by 107596?
9
Calculate the remainder when 374 is divided by 29.
26
Calculate the remainder when 24849 is divided by 323.
301
What is the remainder when 887313 is divided by 55?
53
Calculate the remainder when 23619 is divided by 11805.
9
What is the remainder when 2719 is divided by 671?
35
Calculate the remainder when 52666 is divided by 38.
36
What is the remainder when 1705 is divided by 243?
4
What is the remainder when 181559 is divided by 90779?
1
What is the remainder when 1845296 is divided by 922634?
28
What is the remainder when 186938 is divided by 2032?
2026
What is the remainder when 2603 is divided by 1025?
553
What is the remainder when 117064 is divided by 18?
10
Calculate the remainder when 5296 is divided by 799.
502
Calculate the remainder when 7510 is divided by 218.
98
What is the remainder when 44302 is divided by 156?
154
Calculate the remainder when 36709 is divided by 262.
29
Calculate the remainder when 21235 is divided by 2735.
2090
What is the remainder when 11515 is divided by 339?
328
Calculate the remainder when 6893 is divided by 362.
15
Calculate the remainder when 25938 is divided by 24.
18
Calculate the remainder when 5741 is divided by 5555.
186
What is the remainder when 1929298 is divided by 436?
434
What is the remainder when 4125799 is divided by 842?
841
Calculate the remainder when 275 is divided by 119.
37
What is the remainder when 1369201 is divided by 1091?
1087
Calculate the remainder when 284715 is divided by 94891.
42
Calculate the remainder when 2977 is divided by 551.
222
Calculate the remainder when 104585 is divided by 89.
10
Calculate the remainder when 15671 is divided by 5208.
47
What is the remainder when 894 is divided by 284?
42
What is the remainder when 26450 is divided by 14?
4
What is the remainder when 3437 is divided by 1256?
925
Calculate the remainder when 17474 is divided by 15.
14
What is the remainder when 4424 is divided by 121?
68
What is the remainder when 2827 is divided by 72?
19
Calculate the remainder when 37727 is divided by 36.
35
Calculate the remainder when 3546581 is divided by 1599.
1598
What is the remainder when 28238 is divided by 165?
23
Calculate the remainder when 1980 is divided by 685.
610
What is the remainder when 260 is divided by 167?
93
Calculate the remainder when 11153 is divided by 10936.
217
What is the remainder when 77803 is divided by 701?
693
What is the remainder when 431726 is divided by 2106?
2102
Calculate the remainder when 3174 is divided by 211.
9
What is the remainder when 116701 is divided by 116691?
10
What is the remainder when 1581 is divided by 34?
17
What is the remainder when 40839 is divided